{"id":25,"date":"2018-09-26T08:01:00","date_gmt":"2018-09-26T06:01:00","guid":{"rendered":"http:\/\/vieux-vy-sport-canin.fr\/?page_id=25"},"modified":"2024-08-13T21:42:15","modified_gmt":"2024-08-13T19:42:15","slug":"25-2","status":"publish","type":"page","link":"https:\/\/vieux-vy-sport-canin.fr\/","title":{"rendered":"Accueil"},"content":{"rendered":"\n<p class=\"has-text-align-center\"><div id=\"metaslider-id-35\" style=\"max-width: 800px;\" class=\"ml-slider-3-70-2 metaslider metaslider-flex metaslider-35 ml-slider ms-theme-default\" role=\"region\" aria-roledescription=\"Slideshow\" aria-label=\"Accueil\">\n    <div id=\"metaslider_container_35\">\n        <div id=\"metaslider_35\">\n            <ul aria-live=\"polite\" class=\"slides\">\n                <li style=\"display: block; width: 100%;\" class=\"slide-64 ms-image \" aria-roledescription=\"slide\" aria-label=\"slide-64\"><img loading=\"lazy\" decoding=\"async\" src=\"https:\/\/vieux-vy-sport-canin.fr\/wp-content\/uploads\/2018\/09\/DSC_0013-800x300.jpg\" height=\"300\" width=\"800\" alt=\"\" class=\"slider-35 slide-64\" title=\"DSC_0013\" \/><\/li>\n                <li style=\"display: none; width: 100%;\" class=\"slide-57 ms-image \" aria-roledescription=\"slide\" aria-label=\"slide-57\"><img loading=\"lazy\" decoding=\"async\" src=\"https:\/\/vieux-vy-sport-canin.fr\/wp-content\/uploads\/2018\/09\/DSC_00132-800x300.jpg\" height=\"300\" width=\"800\" alt=\"\" class=\"slider-35 slide-57\" title=\"DSC_00132\" \/><\/li>\n                <li style=\"display: none; width: 100%;\" class=\"slide-58 ms-image \" aria-roledescription=\"slide\" aria-label=\"slide-58\"><img loading=\"lazy\" decoding=\"async\" src=\"https:\/\/vieux-vy-sport-canin.fr\/wp-content\/uploads\/2018\/09\/DSC_0132-800x300.jpg\" height=\"300\" width=\"800\" alt=\"\" class=\"slider-35 slide-58\" title=\"DSC_0132\" \/><\/li>\n                <li style=\"display: none; width: 100%;\" class=\"slide-62 ms-image \" aria-roledescription=\"slide\" aria-label=\"slide-62\"><img loading=\"lazy\" decoding=\"async\" src=\"https:\/\/vieux-vy-sport-canin.fr\/wp-content\/uploads\/2018\/09\/DSC_0007-800x300.jpg\" height=\"300\" width=\"800\" alt=\"\" class=\"slider-35 slide-62\" title=\"DSC_0007\" \/><\/li>\n                <li style=\"display: none; width: 100%;\" class=\"slide-59 ms-image \" aria-roledescription=\"slide\" aria-label=\"slide-59\"><img loading=\"lazy\" decoding=\"async\" src=\"https:\/\/vieux-vy-sport-canin.fr\/wp-content\/uploads\/2018\/09\/DSC_0137-800x300.jpg\" height=\"300\" width=\"800\" alt=\"\" class=\"slider-35 slide-59\" title=\"DSC_0137\" \/><\/li>\n                <li style=\"display: none; width: 100%;\" class=\"slide-60 ms-image \" aria-roledescription=\"slide\" aria-label=\"slide-60\"><img loading=\"lazy\" decoding=\"async\" src=\"https:\/\/vieux-vy-sport-canin.fr\/wp-content\/uploads\/2018\/09\/IMG_4142-800x300.jpg\" height=\"300\" width=\"800\" alt=\"\" class=\"slider-35 slide-60\" title=\"IMG_4142\" \/><\/li>\n                <li style=\"display: none; width: 100%;\" class=\"slide-66 ms-image \" aria-roledescription=\"slide\" aria-label=\"slide-66\"><img loading=\"lazy\" decoding=\"async\" src=\"https:\/\/vieux-vy-sport-canin.fr\/wp-content\/uploads\/2018\/09\/DSC_0189-800x300.jpg\" height=\"300\" width=\"800\" alt=\"\" class=\"slider-35 slide-66\" title=\"DSC_0189\" \/><\/li>\n                <li style=\"display: none; width: 100%;\" class=\"slide-61 ms-image \" aria-roledescription=\"slide\" aria-label=\"slide-61\"><img loading=\"lazy\" decoding=\"async\" src=\"https:\/\/vieux-vy-sport-canin.fr\/wp-content\/uploads\/2018\/09\/IMG_6894-800x300.jpg\" height=\"300\" width=\"800\" alt=\"\" class=\"slider-35 slide-61\" title=\"IMG_6894\" \/><\/li>\n                <li style=\"display: none; width: 100%;\" class=\"slide-63 ms-image \" aria-roledescription=\"slide\" aria-label=\"slide-63\"><img loading=\"lazy\" decoding=\"async\" src=\"https:\/\/vieux-vy-sport-canin.fr\/wp-content\/uploads\/2018\/09\/DSC_0095-800x300.jpg\" height=\"300\" width=\"800\" alt=\"\" class=\"slider-35 slide-63\" title=\"DSC_0095\" \/><\/li>\n                <li style=\"display: none; width: 100%;\" class=\"slide-65 ms-image \" aria-roledescription=\"slide\" aria-label=\"slide-65\"><img loading=\"lazy\" decoding=\"async\" src=\"https:\/\/vieux-vy-sport-canin.fr\/wp-content\/uploads\/2018\/09\/DSC_0093-800x300.jpg\" height=\"300\" width=\"800\" alt=\"\" class=\"slider-35 slide-65\" title=\"DSC_0093\" \/><\/li>\n            <\/ul>\n        <\/div>\n        \n    <\/div>\n<\/div><\/p>\n\n\n\n<p>Vieux-Vy Sport Canin est un club canin qui ouvre ses portes le samedi apr\u00e8s-midi de 14H00 \u00e0 15H00 \u00e0 Vieux Vy sur Couesnon (35), commune situ\u00e9e sur l&rsquo;ancien axe Rennes &#8211; Mont Saint Michel. (environ 25mn de Rennes, 20mn de Foug\u00e8res et 25mn de Combourg)<\/p>\n\n\n\n<p>Le club propose des cours d&rsquo;\u00e9ducation canine \u00e0 ses adh\u00e9rents et dispose de deux \u00e9quipes de comp\u00e9tition en Pistage Fran\u00e7ais et en Ring.<\/p>\n\n\n\n<p class=\"has-text-align-center\">_________________________________________<\/p>\n\n\n\n<h2 class=\"wp-block-heading has-text-align-center\">Fermeture estivale<\/h2>\n\n\n\n<p>C&rsquo;est les vacances.<\/p>\n\n\n\n<p>Le club ferme ses portes le samedi 6 juillet apr\u00e8s le cours d&rsquo;\u00e9ducation et r\u00e9ouvrira le samedi 7 septembre.<\/p>\n\n\n\n<p>Bonnes vacances \u00e0 vous.<\/p>\n\n\n<div class=\"wp-block-image\">\n<figure class=\"aligncenter size-full is-resized\"><img loading=\"lazy\" decoding=\"async\" width=\"736\" height=\"537\" src=\"https:\/\/vieux-vy-sport-canin.fr\/wp-content\/uploads\/2024\/08\/image.png\" alt=\"\" class=\"wp-image-314\" style=\"width:736px;height:auto\" srcset=\"https:\/\/vieux-vy-sport-canin.fr\/wp-content\/uploads\/2024\/08\/image.png 736w, https:\/\/vieux-vy-sport-canin.fr\/wp-content\/uploads\/2024\/08\/image-300x219.png 300w, https:\/\/vieux-vy-sport-canin.fr\/wp-content\/uploads\/2024\/08\/image-150x109.png 150w, https:\/\/vieux-vy-sport-canin.fr\/wp-content\/uploads\/2024\/08\/image-206x150.png 206w, https:\/\/vieux-vy-sport-canin.fr\/wp-content\/uploads\/2024\/08\/image-600x438.png 600w\" sizes=\"(max-width: 736px) 100vw, 736px\" \/><\/figure><\/div>","protected":false},"excerpt":{"rendered":"<p>Vieux-Vy Sport Canin est un club canin qui ouvre ses portes le samedi apr\u00e8s-midi de 14H00 \u00e0 15H00 \u00e0 Vieux Vy sur Couesnon (35), commune situ\u00e9e sur l&rsquo;ancien axe Rennes &#8211; Mont Saint Michel. (environ 25mn de Rennes, 20mn de Foug\u00e8res et 25mn de Combourg) Le club propose des cours&#8230; <a class=\"continue-reading-link\" href=\"https:\/\/vieux-vy-sport-canin.fr\/\"> Continue reading <span class=\"meta-nav\">&rarr; <\/span><\/a><\/p>\n","protected":false},"author":1,"featured_media":108,"parent":0,"menu_order":0,"comment_status":"closed","ping_status":"closed","template":"","meta":{"jetpack_post_was_ever_published":false,"footnotes":""},"yoast_head":"<!-- This site is optimized with the Yoast SEO plugin v24.5 - https:\/\/yoast.com\/wordpress\/plugins\/seo\/ -->\n<title>Accueil - Vieux-Vy Sport Canin<\/title>\n<meta name=\"description\" content=\"Vieux-Vy Sport Canin est un club canin \u00e0 Vieux Vy sur Couesnon (35), commune situ\u00e9e sur l&#039;ancien axe Rennes - Mont Saint Michel. (environ 25mn de Rennes, 20mn de Foug\u00e8res et 25mn de Combourg)\" \/>\n<meta name=\"robots\" content=\"index, follow, max-snippet:-1, max-image-preview:large, max-video-preview:-1\" \/>\n<link rel=\"canonical\" href=\"https:\/\/vieux-vy-sport-canin.fr\/\" \/>\n<meta property=\"og:locale\" content=\"fr_FR\" \/>\n<meta property=\"og:type\" content=\"article\" \/>\n<meta property=\"og:title\" content=\"Accueil - Vieux-Vy Sport Canin\" \/>\n<meta property=\"og:description\" content=\"Vieux-Vy Sport Canin est un club canin \u00e0 Vieux Vy sur Couesnon (35), commune situ\u00e9e sur l&#039;ancien axe Rennes - Mont Saint Michel. (environ 25mn de Rennes, 20mn de Foug\u00e8res et 25mn de Combourg)\" \/>\n<meta property=\"og:url\" content=\"https:\/\/vieux-vy-sport-canin.fr\/\" \/>\n<meta property=\"og:site_name\" content=\"Vieux-Vy Sport Canin\" \/>\n<meta property=\"article:publisher\" content=\"https:\/\/www.facebook.com\/Vieux-Vy-Sport-Canin-778795142274900\/\" \/>\n<meta property=\"article:modified_time\" content=\"2024-08-13T19:42:15+00:00\" \/>\n<meta property=\"og:image\" content=\"https:\/\/vieux-vy-sport-canin.fr\/wp-content\/uploads\/2018\/09\/Logo-1024x830.jpg\" \/>\n\t<meta property=\"og:image:width\" content=\"1024\" \/>\n\t<meta property=\"og:image:height\" content=\"830\" \/>\n\t<meta property=\"og:image:type\" content=\"image\/jpeg\" \/>\n<meta name=\"twitter:card\" content=\"summary_large_image\" \/>\n<meta name=\"twitter:label1\" content=\"Dur\u00e9e de lecture estim\u00e9e\" \/>\n\t<meta name=\"twitter:data1\" content=\"1 minute\" \/>\n<script type=\"application\/ld+json\" class=\"yoast-schema-graph\">{\"@context\":\"https:\/\/schema.org\",\"@graph\":[{\"@type\":\"WebPage\",\"@id\":\"https:\/\/vieux-vy-sport-canin.fr\/\",\"url\":\"https:\/\/vieux-vy-sport-canin.fr\/\",\"name\":\"Accueil - Vieux-Vy Sport Canin\",\"isPartOf\":{\"@id\":\"https:\/\/vieux-vy-sport-canin.fr\/#website\"},\"primaryImageOfPage\":{\"@id\":\"https:\/\/vieux-vy-sport-canin.fr\/#primaryimage\"},\"image\":{\"@id\":\"https:\/\/vieux-vy-sport-canin.fr\/#primaryimage\"},\"thumbnailUrl\":\"https:\/\/vieux-vy-sport-canin.fr\/wp-content\/uploads\/2018\/09\/Logo-1024x830.jpg\",\"datePublished\":\"2018-09-26T06:01:00+00:00\",\"dateModified\":\"2024-08-13T19:42:15+00:00\",\"description\":\"Vieux-Vy Sport Canin est un club canin \u00e0 Vieux Vy sur Couesnon (35), commune situ\u00e9e sur l'ancien axe Rennes - Mont Saint Michel. (environ 25mn de Rennes, 20mn de Foug\u00e8res et 25mn de Combourg)\",\"breadcrumb\":{\"@id\":\"https:\/\/vieux-vy-sport-canin.fr\/#breadcrumb\"},\"inLanguage\":\"fr-FR\",\"potentialAction\":[{\"@type\":\"ReadAction\",\"target\":[\"https:\/\/vieux-vy-sport-canin.fr\/\"]}]},{\"@type\":\"ImageObject\",\"inLanguage\":\"fr-FR\",\"@id\":\"https:\/\/vieux-vy-sport-canin.fr\/#primaryimage\",\"url\":\"https:\/\/vieux-vy-sport-canin.fr\/wp-content\/uploads\/2018\/09\/Logo-1024x830.jpg\",\"contentUrl\":\"https:\/\/vieux-vy-sport-canin.fr\/wp-content\/uploads\/2018\/09\/Logo-1024x830.jpg\",\"width\":1024,\"height\":830},{\"@type\":\"BreadcrumbList\",\"@id\":\"https:\/\/vieux-vy-sport-canin.fr\/#breadcrumb\",\"itemListElement\":[{\"@type\":\"ListItem\",\"position\":1,\"name\":\"Accueil\",\"item\":\"https:\/\/vieux-vy-sport-canin.fr\/\"},{\"@type\":\"ListItem\",\"position\":2,\"name\":\"Accueil\"}]},{\"@type\":\"WebSite\",\"@id\":\"https:\/\/vieux-vy-sport-canin.fr\/#website\",\"url\":\"https:\/\/vieux-vy-sport-canin.fr\/\",\"name\":\"Vieux-Vy Sport Canin\",\"description\":\"Club canin de Vieux-Vy sur Couesnon, \u00e9ducation canine, pistage fran\u00e7ais et ring.\",\"potentialAction\":[{\"@type\":\"SearchAction\",\"target\":{\"@type\":\"EntryPoint\",\"urlTemplate\":\"https:\/\/vieux-vy-sport-canin.fr\/?s={search_term_string}\"},\"query-input\":{\"@type\":\"PropertyValueSpecification\",\"valueRequired\":true,\"valueName\":\"search_term_string\"}}],\"inLanguage\":\"fr-FR\"}]}<\/script>\n<!-- \/ Yoast SEO plugin. -->","yoast_head_json":{"title":"Accueil - Vieux-Vy Sport Canin","description":"Vieux-Vy Sport Canin est un club canin \u00e0 Vieux Vy sur Couesnon (35), commune situ\u00e9e sur l'ancien axe Rennes - Mont Saint Michel. (environ 25mn de Rennes, 20mn de Foug\u00e8res et 25mn de Combourg)","robots":{"index":"index","follow":"follow","max-snippet":"max-snippet:-1","max-image-preview":"max-image-preview:large","max-video-preview":"max-video-preview:-1"},"canonical":"https:\/\/vieux-vy-sport-canin.fr\/","og_locale":"fr_FR","og_type":"article","og_title":"Accueil - Vieux-Vy Sport Canin","og_description":"Vieux-Vy Sport Canin est un club canin \u00e0 Vieux Vy sur Couesnon (35), commune situ\u00e9e sur l'ancien axe Rennes - Mont Saint Michel. (environ 25mn de Rennes, 20mn de Foug\u00e8res et 25mn de Combourg)","og_url":"https:\/\/vieux-vy-sport-canin.fr\/","og_site_name":"Vieux-Vy Sport Canin","article_publisher":"https:\/\/www.facebook.com\/Vieux-Vy-Sport-Canin-778795142274900\/","article_modified_time":"2024-08-13T19:42:15+00:00","og_image":[{"width":1024,"height":830,"url":"https:\/\/vieux-vy-sport-canin.fr\/wp-content\/uploads\/2018\/09\/Logo-1024x830.jpg","type":"image\/jpeg"}],"twitter_card":"summary_large_image","twitter_misc":{"Dur\u00e9e de lecture estim\u00e9e":"1 minute"},"schema":{"@context":"https:\/\/schema.org","@graph":[{"@type":"WebPage","@id":"https:\/\/vieux-vy-sport-canin.fr\/","url":"https:\/\/vieux-vy-sport-canin.fr\/","name":"Accueil - Vieux-Vy Sport Canin","isPartOf":{"@id":"https:\/\/vieux-vy-sport-canin.fr\/#website"},"primaryImageOfPage":{"@id":"https:\/\/vieux-vy-sport-canin.fr\/#primaryimage"},"image":{"@id":"https:\/\/vieux-vy-sport-canin.fr\/#primaryimage"},"thumbnailUrl":"https:\/\/vieux-vy-sport-canin.fr\/wp-content\/uploads\/2018\/09\/Logo-1024x830.jpg","datePublished":"2018-09-26T06:01:00+00:00","dateModified":"2024-08-13T19:42:15+00:00","description":"Vieux-Vy Sport Canin est un club canin \u00e0 Vieux Vy sur Couesnon (35), commune situ\u00e9e sur l'ancien axe Rennes - Mont Saint Michel. (environ 25mn de Rennes, 20mn de Foug\u00e8res et 25mn de Combourg)","breadcrumb":{"@id":"https:\/\/vieux-vy-sport-canin.fr\/#breadcrumb"},"inLanguage":"fr-FR","potentialAction":[{"@type":"ReadAction","target":["https:\/\/vieux-vy-sport-canin.fr\/"]}]},{"@type":"ImageObject","inLanguage":"fr-FR","@id":"https:\/\/vieux-vy-sport-canin.fr\/#primaryimage","url":"https:\/\/vieux-vy-sport-canin.fr\/wp-content\/uploads\/2018\/09\/Logo-1024x830.jpg","contentUrl":"https:\/\/vieux-vy-sport-canin.fr\/wp-content\/uploads\/2018\/09\/Logo-1024x830.jpg","width":1024,"height":830},{"@type":"BreadcrumbList","@id":"https:\/\/vieux-vy-sport-canin.fr\/#breadcrumb","itemListElement":[{"@type":"ListItem","position":1,"name":"Accueil","item":"https:\/\/vieux-vy-sport-canin.fr\/"},{"@type":"ListItem","position":2,"name":"Accueil"}]},{"@type":"WebSite","@id":"https:\/\/vieux-vy-sport-canin.fr\/#website","url":"https:\/\/vieux-vy-sport-canin.fr\/","name":"Vieux-Vy Sport Canin","description":"Club canin de Vieux-Vy sur Couesnon, \u00e9ducation canine, pistage fran\u00e7ais et ring.","potentialAction":[{"@type":"SearchAction","target":{"@type":"EntryPoint","urlTemplate":"https:\/\/vieux-vy-sport-canin.fr\/?s={search_term_string}"},"query-input":{"@type":"PropertyValueSpecification","valueRequired":true,"valueName":"search_term_string"}}],"inLanguage":"fr-FR"}]}},"jetpack_sharing_enabled":true,"jetpack_shortlink":"https:\/\/wp.me\/Paj4Ig-p","_links":{"self":[{"href":"https:\/\/vieux-vy-sport-canin.fr\/index.php\/wp-json\/wp\/v2\/pages\/25"}],"collection":[{"href":"https:\/\/vieux-vy-sport-canin.fr\/index.php\/wp-json\/wp\/v2\/pages"}],"about":[{"href":"https:\/\/vieux-vy-sport-canin.fr\/index.php\/wp-json\/wp\/v2\/types\/page"}],"author":[{"embeddable":true,"href":"https:\/\/vieux-vy-sport-canin.fr\/index.php\/wp-json\/wp\/v2\/users\/1"}],"replies":[{"embeddable":true,"href":"https:\/\/vieux-vy-sport-canin.fr\/index.php\/wp-json\/wp\/v2\/comments?post=25"}],"version-history":[{"count":35,"href":"https:\/\/vieux-vy-sport-canin.fr\/index.php\/wp-json\/wp\/v2\/pages\/25\/revisions"}],"predecessor-version":[{"id":315,"href":"https:\/\/vieux-vy-sport-canin.fr\/index.php\/wp-json\/wp\/v2\/pages\/25\/revisions\/315"}],"wp:featuredmedia":[{"embeddable":true,"href":"https:\/\/vieux-vy-sport-canin.fr\/index.php\/wp-json\/wp\/v2\/media\/108"}],"wp:attachment":[{"href":"https:\/\/vieux-vy-sport-canin.fr\/index.php\/wp-json\/wp\/v2\/media?parent=25"}],"curies":[{"name":"wp","href":"https:\/\/api.w.org\/{rel}","templated":true}]}}