{"id":293,"date":"2024-05-01T13:35:28","date_gmt":"2024-05-01T11:35:28","guid":{"rendered":"https:\/\/vieux-vy-sport-canin.fr\/?page_id=293"},"modified":"2024-05-01T13:42:14","modified_gmt":"2024-05-01T11:42:14","slug":"concours-de-ring-20-et-21-juillet-2024","status":"publish","type":"page","link":"https:\/\/vieux-vy-sport-canin.fr\/index.php\/concours-de-ring-20-et-21-juillet-2024\/","title":{"rendered":"Concours de ring 20 et 21 juillet 2024"},"content":{"rendered":"\n<p>Le club heureux vous annoncer son concours en ring 2024 qui se d\u00e9roulera les 20 et 21 juillet prochains sur son terrain.<\/p>\n\n\n\n<p>Toute l&rsquo;\u00e9quipe de Vieux-Vy Sport Canin sera heureux de vous accueillir soit en tant que concurrent, soit en tant que spectateur ou bien m\u00eame en tant que b\u00e9n\u00e9vole.<\/p>\n\n\n\n<p>Voici donc la feuille d&rsquo;engagement pour les concurrents :<\/p>\n\n\n<div class=\"wp-block-image\">\n<figure class=\"aligncenter size-full is-resized\"><a href=\"http:\/\/vieux-vy-sport-canin.fr\/wp-content\/uploads\/2024\/05\/Concours-ring-2024-VVySC.pdf\"><img loading=\"lazy\" decoding=\"async\" width=\"225\" height=\"225\" src=\"http:\/\/vieux-vy-sport-canin.fr\/wp-content\/uploads\/2019\/04\/Pdf.png\" alt=\"\" class=\"wp-image-128\" style=\"width:109px;height:auto\" srcset=\"https:\/\/vieux-vy-sport-canin.fr\/wp-content\/uploads\/2019\/04\/Pdf.png 225w, https:\/\/vieux-vy-sport-canin.fr\/wp-content\/uploads\/2019\/04\/Pdf-150x150.png 150w\" sizes=\"(max-width: 225px) 100vw, 225px\" \/><\/a><\/figure><\/div>\n\n\n<p class=\"has-text-align-center\" id=\"block-fb71a3d0-7b58-4bfa-ac8d-ce392cbaac6d\"><a href=\"http:\/\/vieux-vy-sport-canin.fr\/wp-content\/uploads\/2024\/05\/Concours-ring-2024-VVySC.pdf\">Invitation et engagement ring 2024<\/a><\/p>\n\n\n<div class=\"wp-block-image\">\n<figure class=\"aligncenter\" id=\"block-5840c1bf-98e0-429c-842b-72fc72006f1b\"><img decoding=\"async\" src=\"http:\/\/vieux-vy-sport-canin.fr\/wp-content\/uploads\/2024\/05\/Affiche-Ring-2024-724x1024.jpg\" alt=\"L\u2019attribut alt de cette image est vide, son nom de fichier est Affiche-Ring-2024-724x1024.jpg.\"\/><\/figure><\/div>","protected":false},"excerpt":{"rendered":"<p>Le club heureux vous annoncer son concours en ring 2024 qui se d\u00e9roulera les 20 et 21 juillet prochains sur son terrain. Toute l&rsquo;\u00e9quipe de Vieux-Vy Sport Canin sera heureux de vous accueillir soit en tant que concurrent, soit en tant que spectateur ou bien m\u00eame en tant que b\u00e9n\u00e9vole&#8230;. <a class=\"continue-reading-link\" href=\"https:\/\/vieux-vy-sport-canin.fr\/index.php\/concours-de-ring-20-et-21-juillet-2024\/\"> Continue reading <span class=\"meta-nav\">&rarr; <\/span><\/a><\/p>\n","protected":false},"author":1,"featured_media":0,"parent":0,"menu_order":0,"comment_status":"closed","ping_status":"closed","template":"","meta":{"jetpack_post_was_ever_published":false,"footnotes":""},"yoast_head":"<!-- This site is optimized with the Yoast SEO plugin v24.5 - https:\/\/yoast.com\/wordpress\/plugins\/seo\/ -->\n<title>Concours de ring 20 et 21 juillet 2024 - Vieux-Vy Sport Canin<\/title>\n<meta name=\"robots\" content=\"index, follow, max-snippet:-1, max-image-preview:large, max-video-preview:-1\" \/>\n<link rel=\"canonical\" href=\"https:\/\/vieux-vy-sport-canin.fr\/index.php\/concours-de-ring-20-et-21-juillet-2024\/\" \/>\n<meta property=\"og:locale\" content=\"fr_FR\" \/>\n<meta property=\"og:type\" content=\"article\" \/>\n<meta property=\"og:title\" content=\"Concours de ring 20 et 21 juillet 2024 - Vieux-Vy Sport Canin\" \/>\n<meta property=\"og:description\" content=\"Le club heureux vous annoncer son concours en ring 2024 qui se d\u00e9roulera les 20 et 21 juillet prochains sur son terrain. Toute l&rsquo;\u00e9quipe de Vieux-Vy Sport Canin sera heureux de vous accueillir soit en tant que concurrent, soit en tant que spectateur ou bien m\u00eame en tant que b\u00e9n\u00e9vole.... Continue reading &rarr;\" \/>\n<meta property=\"og:url\" content=\"https:\/\/vieux-vy-sport-canin.fr\/index.php\/concours-de-ring-20-et-21-juillet-2024\/\" \/>\n<meta property=\"og:site_name\" content=\"Vieux-Vy Sport Canin\" \/>\n<meta property=\"article:publisher\" content=\"https:\/\/www.facebook.com\/Vieux-Vy-Sport-Canin-778795142274900\/\" \/>\n<meta property=\"article:modified_time\" content=\"2024-05-01T11:42:14+00:00\" \/>\n<meta property=\"og:image\" content=\"http:\/\/vieux-vy-sport-canin.fr\/wp-content\/uploads\/2019\/04\/Pdf.png\" \/>\n<meta name=\"twitter:card\" content=\"summary_large_image\" \/>\n<meta name=\"twitter:label1\" content=\"Dur\u00e9e de lecture estim\u00e9e\" \/>\n\t<meta name=\"twitter:data1\" content=\"1 minute\" \/>\n<script type=\"application\/ld+json\" class=\"yoast-schema-graph\">{\"@context\":\"https:\/\/schema.org\",\"@graph\":[{\"@type\":\"WebPage\",\"@id\":\"https:\/\/vieux-vy-sport-canin.fr\/index.php\/concours-de-ring-20-et-21-juillet-2024\/\",\"url\":\"https:\/\/vieux-vy-sport-canin.fr\/index.php\/concours-de-ring-20-et-21-juillet-2024\/\",\"name\":\"Concours de ring 20 et 21 juillet 2024 - Vieux-Vy Sport Canin\",\"isPartOf\":{\"@id\":\"https:\/\/vieux-vy-sport-canin.fr\/#website\"},\"primaryImageOfPage\":{\"@id\":\"https:\/\/vieux-vy-sport-canin.fr\/index.php\/concours-de-ring-20-et-21-juillet-2024\/#primaryimage\"},\"image\":{\"@id\":\"https:\/\/vieux-vy-sport-canin.fr\/index.php\/concours-de-ring-20-et-21-juillet-2024\/#primaryimage\"},\"thumbnailUrl\":\"http:\/\/vieux-vy-sport-canin.fr\/wp-content\/uploads\/2019\/04\/Pdf.png\",\"datePublished\":\"2024-05-01T11:35:28+00:00\",\"dateModified\":\"2024-05-01T11:42:14+00:00\",\"breadcrumb\":{\"@id\":\"https:\/\/vieux-vy-sport-canin.fr\/index.php\/concours-de-ring-20-et-21-juillet-2024\/#breadcrumb\"},\"inLanguage\":\"fr-FR\",\"potentialAction\":[{\"@type\":\"ReadAction\",\"target\":[\"https:\/\/vieux-vy-sport-canin.fr\/index.php\/concours-de-ring-20-et-21-juillet-2024\/\"]}]},{\"@type\":\"ImageObject\",\"inLanguage\":\"fr-FR\",\"@id\":\"https:\/\/vieux-vy-sport-canin.fr\/index.php\/concours-de-ring-20-et-21-juillet-2024\/#primaryimage\",\"url\":\"https:\/\/vieux-vy-sport-canin.fr\/wp-content\/uploads\/2019\/04\/Pdf.png\",\"contentUrl\":\"https:\/\/vieux-vy-sport-canin.fr\/wp-content\/uploads\/2019\/04\/Pdf.png\",\"width\":225,\"height\":225},{\"@type\":\"BreadcrumbList\",\"@id\":\"https:\/\/vieux-vy-sport-canin.fr\/index.php\/concours-de-ring-20-et-21-juillet-2024\/#breadcrumb\",\"itemListElement\":[{\"@type\":\"ListItem\",\"position\":1,\"name\":\"Accueil\",\"item\":\"https:\/\/vieux-vy-sport-canin.fr\/\"},{\"@type\":\"ListItem\",\"position\":2,\"name\":\"Concours de ring 20 et 21 juillet 2024\"}]},{\"@type\":\"WebSite\",\"@id\":\"https:\/\/vieux-vy-sport-canin.fr\/#website\",\"url\":\"https:\/\/vieux-vy-sport-canin.fr\/\",\"name\":\"Vieux-Vy Sport Canin\",\"description\":\"Club canin de Vieux-Vy sur Couesnon, \u00e9ducation canine, pistage fran\u00e7ais et ring.\",\"potentialAction\":[{\"@type\":\"SearchAction\",\"target\":{\"@type\":\"EntryPoint\",\"urlTemplate\":\"https:\/\/vieux-vy-sport-canin.fr\/?s={search_term_string}\"},\"query-input\":{\"@type\":\"PropertyValueSpecification\",\"valueRequired\":true,\"valueName\":\"search_term_string\"}}],\"inLanguage\":\"fr-FR\"}]}<\/script>\n<!-- \/ Yoast SEO plugin. -->","yoast_head_json":{"title":"Concours de ring 20 et 21 juillet 2024 - Vieux-Vy Sport Canin","robots":{"index":"index","follow":"follow","max-snippet":"max-snippet:-1","max-image-preview":"max-image-preview:large","max-video-preview":"max-video-preview:-1"},"canonical":"https:\/\/vieux-vy-sport-canin.fr\/index.php\/concours-de-ring-20-et-21-juillet-2024\/","og_locale":"fr_FR","og_type":"article","og_title":"Concours de ring 20 et 21 juillet 2024 - Vieux-Vy Sport Canin","og_description":"Le club heureux vous annoncer son concours en ring 2024 qui se d\u00e9roulera les 20 et 21 juillet prochains sur son terrain. Toute l&rsquo;\u00e9quipe de Vieux-Vy Sport Canin sera heureux de vous accueillir soit en tant que concurrent, soit en tant que spectateur ou bien m\u00eame en tant que b\u00e9n\u00e9vole.... Continue reading &rarr;","og_url":"https:\/\/vieux-vy-sport-canin.fr\/index.php\/concours-de-ring-20-et-21-juillet-2024\/","og_site_name":"Vieux-Vy Sport Canin","article_publisher":"https:\/\/www.facebook.com\/Vieux-Vy-Sport-Canin-778795142274900\/","article_modified_time":"2024-05-01T11:42:14+00:00","og_image":[{"url":"http:\/\/vieux-vy-sport-canin.fr\/wp-content\/uploads\/2019\/04\/Pdf.png","type":"","width":"","height":""}],"twitter_card":"summary_large_image","twitter_misc":{"Dur\u00e9e de lecture estim\u00e9e":"1 minute"},"schema":{"@context":"https:\/\/schema.org","@graph":[{"@type":"WebPage","@id":"https:\/\/vieux-vy-sport-canin.fr\/index.php\/concours-de-ring-20-et-21-juillet-2024\/","url":"https:\/\/vieux-vy-sport-canin.fr\/index.php\/concours-de-ring-20-et-21-juillet-2024\/","name":"Concours de ring 20 et 21 juillet 2024 - Vieux-Vy Sport Canin","isPartOf":{"@id":"https:\/\/vieux-vy-sport-canin.fr\/#website"},"primaryImageOfPage":{"@id":"https:\/\/vieux-vy-sport-canin.fr\/index.php\/concours-de-ring-20-et-21-juillet-2024\/#primaryimage"},"image":{"@id":"https:\/\/vieux-vy-sport-canin.fr\/index.php\/concours-de-ring-20-et-21-juillet-2024\/#primaryimage"},"thumbnailUrl":"http:\/\/vieux-vy-sport-canin.fr\/wp-content\/uploads\/2019\/04\/Pdf.png","datePublished":"2024-05-01T11:35:28+00:00","dateModified":"2024-05-01T11:42:14+00:00","breadcrumb":{"@id":"https:\/\/vieux-vy-sport-canin.fr\/index.php\/concours-de-ring-20-et-21-juillet-2024\/#breadcrumb"},"inLanguage":"fr-FR","potentialAction":[{"@type":"ReadAction","target":["https:\/\/vieux-vy-sport-canin.fr\/index.php\/concours-de-ring-20-et-21-juillet-2024\/"]}]},{"@type":"ImageObject","inLanguage":"fr-FR","@id":"https:\/\/vieux-vy-sport-canin.fr\/index.php\/concours-de-ring-20-et-21-juillet-2024\/#primaryimage","url":"https:\/\/vieux-vy-sport-canin.fr\/wp-content\/uploads\/2019\/04\/Pdf.png","contentUrl":"https:\/\/vieux-vy-sport-canin.fr\/wp-content\/uploads\/2019\/04\/Pdf.png","width":225,"height":225},{"@type":"BreadcrumbList","@id":"https:\/\/vieux-vy-sport-canin.fr\/index.php\/concours-de-ring-20-et-21-juillet-2024\/#breadcrumb","itemListElement":[{"@type":"ListItem","position":1,"name":"Accueil","item":"https:\/\/vieux-vy-sport-canin.fr\/"},{"@type":"ListItem","position":2,"name":"Concours de ring 20 et 21 juillet 2024"}]},{"@type":"WebSite","@id":"https:\/\/vieux-vy-sport-canin.fr\/#website","url":"https:\/\/vieux-vy-sport-canin.fr\/","name":"Vieux-Vy Sport Canin","description":"Club canin de Vieux-Vy sur Couesnon, \u00e9ducation canine, pistage fran\u00e7ais et ring.","potentialAction":[{"@type":"SearchAction","target":{"@type":"EntryPoint","urlTemplate":"https:\/\/vieux-vy-sport-canin.fr\/?s={search_term_string}"},"query-input":{"@type":"PropertyValueSpecification","valueRequired":true,"valueName":"search_term_string"}}],"inLanguage":"fr-FR"}]}},"jetpack_sharing_enabled":true,"jetpack_shortlink":"https:\/\/wp.me\/Paj4Ig-4J","_links":{"self":[{"href":"https:\/\/vieux-vy-sport-canin.fr\/index.php\/wp-json\/wp\/v2\/pages\/293"}],"collection":[{"href":"https:\/\/vieux-vy-sport-canin.fr\/index.php\/wp-json\/wp\/v2\/pages"}],"about":[{"href":"https:\/\/vieux-vy-sport-canin.fr\/index.php\/wp-json\/wp\/v2\/types\/page"}],"author":[{"embeddable":true,"href":"https:\/\/vieux-vy-sport-canin.fr\/index.php\/wp-json\/wp\/v2\/users\/1"}],"replies":[{"embeddable":true,"href":"https:\/\/vieux-vy-sport-canin.fr\/index.php\/wp-json\/wp\/v2\/comments?post=293"}],"version-history":[{"count":4,"href":"https:\/\/vieux-vy-sport-canin.fr\/index.php\/wp-json\/wp\/v2\/pages\/293\/revisions"}],"predecessor-version":[{"id":299,"href":"https:\/\/vieux-vy-sport-canin.fr\/index.php\/wp-json\/wp\/v2\/pages\/293\/revisions\/299"}],"wp:attachment":[{"href":"https:\/\/vieux-vy-sport-canin.fr\/index.php\/wp-json\/wp\/v2\/media?parent=293"}],"curies":[{"name":"wp","href":"https:\/\/api.w.org\/{rel}","templated":true}]}}